Determine g(-3).
408
Let v(r) = 1158*r + 2119. Determine v(-2).
-197
Let t(j) = -7*j**2 - 3449*j + 18376. Calculate t(-498).
-50
Let b(s) = -1597*s - 62222. Determine b(-39).
61
Let s(q) = -2288*q + 32117. Calculate s(14).
85
Let a(z) = 20*z**2 + 4*z + 156. Give a(0).
156
Let v(r) = r**2 - 8928*r + 80311. What is v(9)?
40
Let s(q) = 2174*q - 28872. Give s(14).
1564
Let u(h) = 45*h + 5999. What is u(-139)?
-256
Let z(b) = -46451*b + 1718613. Calculate z(37).
-74
Let d(a) = 5677*a - 102194. Give d(18).
-8
Let g(k) = -6*k**3 + 64*k**2 + 4688*k - 42986. What is g(9)?
16
Let y(o) = -1067*o - 260345. What is y(-244)?
3
Let x(i) = 3*i**3 - 31*i**2 - 71*i + 532. What is x(9)?
-431
Let s(b) = 59790*b + 59762. What is s(-1)?
-28
Let x(r) = -15*r**2 - 123*r - 181. Calculate x(-11).
-643
Let h(g) = -7062*g - 49438. Determine h(-7).
-4
Let k(o) = -504*o**2 + 3052*o - 132. Determine k(6).
36
Let y(w) = w**3 - 53*w**2 + 7*w - 1035. Give y(53).
-664
Let m(a) = 171*a**2 - 5319*a + 567. Give m(31).
9
Let h(d) = -20*d**3 + 12*d**2 + 33*d - 101. What is h(4)?
-1057
Let k(x) = -41033*x + 451351. Determine k(11).
-12
Let g(d) = 2*d**2 + 22*d. Determine g(7).
252
Let p(q) = -1974*q**2 - 767885*q + 394. Calculate p(-389).
5
Let y(q) = -22*q**2 + 21*q + 574. Give y(4).
306
Let s(d) = -47*d**2 + 175*d - 771. Give s(5).
-1071
Let r(p) = p**3 - 60*p**2 + 653*p - 39177. Determine r(60).
3
Let y(j) = 651*j + 5768. What is y(-7)?
1211
Let n(t) = -3*t**2 - 52*t - 69. What is n(-40)?
-2789
Let f(s) = s**2 - 28245*s - 1726670. What is f(-61)?
-4
Let w(l) = 2*l**2 + 1566*l + 55184. Calculate w(-37).
-20
Let d(a) = 2*a**3 - 132*a**2 + 1175*a - 521. Calculate d(10).
29
Let s(q) = -q**3 - 68*q**2 - 341*q - 115. Determine s(-63).
1523
Let p(h) = -2*h**2 + 208*h - 4937. Give p(42).
271
Let o(y) = 38*y**2 - 6670*y + 10083. Calculate o(174).
-9
Let b(w) = w**3 - 99*w**2 + 152*w + 13063. What is b(96)?
7
Let o(g) = 32*g + 508. What is o(-31)?
-484
Let u(v) = 89422*v - 268265. What is u(3)?
1
Let x(b) = -126*b + 2724. Give x(29).
-930
Let t(v) = v**3 + 23*v**2 - 1354*v - 168. What is t(-50)?
32
Let t(c) = -2989*c - 125539. Calculate t(-42).
-1
Let y(o) = 127*o**2 + 54096*o - 2552. Give y(-426).
4
Let k(h) = 5*h**2 + 39305*h + 627605. What is k(-16)?
5
Let d(g) = 4*g**3 + 140*g**2 + 92*g - 65. Determine d(-34).
1431
Let w(x) = -3*x**2 - 66*x + 542. Calculate w(-24).
398
Let o(a) = 3*a**3 + 25*a**2 + 595112*a + 4760837. What is o(-8)?
5
Let v(w) = w**3 - 929*w**2 + 161713*w - 6285. What is v(697)?
-12
Let o(y) = -45*y**2 + 332*y - 7. Give o(6).
365
Let w(f) = 32*f**2 + 282*f - 52. Calculate w(-9).
2
Let s(w) = 59343*w - 14835760. What is s(250)?
-10
Let w(t) = -49*t + 375. What is w(8)?
-17
Let f(l) = l**3 - 163*l**2 + 6609*l + 997. Give f(77).
-4
Let c(k) = 10*k**3 - 8190*k**2 - 5*k + 4087. Determine c(819).
-8
Let b(a) = -8*a**2 + 308*a + 111776. What is b(139)?
20
Let a(s) = 6*s**2 - 266*s - 153. What is a(45)?
27
Let l(a) = -151*a**2 - 978*a - 19. Determine l(-6).
413
Let j(n) = -8526*n - 102814. Give j(-12).
-502
Let i(h) = h**3 - 35*h**2 + 102*h - 1194. What is i(33)?
-6
Let a(z) = 15*z**3 - 3049*z**2 + 831*z - 3862. Give a(203).
-5
Let j(g) = 7*g**2 + 38*g - 11790. Calculate j(-44).
90
Let i(f) = -7520*f + 315828. Calculate i(42).
-12
Let i(y) = 17*y**3 + 9*y**2 - 78*y + 52. Give i(5).
2012
Let b(i) = -11*i**2 - 49*i + 57. Calculate b(-6).
-45
Let u(b) = 5*b**2 + 2190*b + 62939. Calculate u(-31).
-146
Let a(h) = 7*h**3 - 19*h**2 - 43*h - 156. Determine a(-6).
-2094
Let o(h) = -2307*h - 1015073. What is o(-440)?
7
Let q(x) = 4573*x**2 - 36578*x - 46. Determine q(8).
2
Let w(n) = n**3 + 41*n**2 - 25*n + 724. What is w(-42)?
10
Let c(n) = -n**3 - 306*n**2 + 871*n + 173143. Give c(-307).
-5
Let v(s) = -s**3 + 17*s**2 + 241*s - 1246. Determine v(25).
-221
Let m(s) = -76*s + 10436. Give m(137).
24
Let p(a) = 198*a**2 + 6922*a - 50. Calculate p(-35).
230
Let m(w) = 2*w**2 - 669*w + 53223. Give m(203).
-166
Let f(o) = 1885*o + 934972. Calculate f(-496).
12
Let g(d) = 435*d - 5033. Calculate g(10).
-683
Let f(l) = 2*l**2 - 3048*l - 90360. Determine f(-29).
-286
Let f(o) = 192*o + 21973. What is f(-98)?
3157
Let b(l) = -l**2 - 1340*l + 48152. What is b(35)?
27
Let u(f) = -f**2 + 112*f - 1524. Determine u(102).
-504
Let z(g) = -4798*g + 1213867. What is z(253)?
-27
Let g(j) = 4514*j + 388171. What is g(-86)?
-33
Let i(v) = -57*v**2 + 3378*v + 16880. Calculate i(-5).
-1435
Let g(m) = -380961*m + 3809626. Give g(10).
16
Let s(c) = 2*c**3 - 4*c**2 - 58*c + 147. Calculate s(5).
7
Let d(q) = 1332*q + 82563. Calculate d(-62).
-21
Let s(i) = i**3 - 20*i**2 + 188*i - 3537. Give s(19).
-326
Let x(a) = 19*a + 36. Give x(-31).
-553
Let o(p) = -p**3 + 6*p**2 + 487*p - 3031. Determine o(22).
-61
Let y(u) = -1763*u - 1736556. Determine y(-985).
-1
Let b(p) = 2*p**3 + p**2 - 11*p + 81. What is b(0)?
81
Let p(f) = -136*f**2 - 11560*f - 84. Give p(-85).
-84
Let j(d) = 3*d**3 - 143*d**2 + 13*d + 11. Give j(0).
11
Let n(t) = -3401*t + 152996. Determine n(45).
-49
Let q(i) = 2*i**2 + 375*i + 7175. Calculate q(-21).
182
Let p(i) = i**3 - 39*i**2 - 448*i + 12104. What is p(15)?
-16
Let l(z) = 661*z + 25139. Give l(-38).
21
Let v(b) = -b**3 - 329*b**2 + 776*b - 413385. Give v(-335).
5
Let j(u) = 49*u - 6859. Calculate j(143).
148
Let q(l) = 197*l**2 + 11223*l - 91. Give q(-57).
251
Let w(y) = -57*y**2 - 9374*y - 238471. What is w(-133)?
-2
Let l(z) = 2229*z + 120368. Calculate l(-54).
2
Let y(c) = 13268*c + 384788. Determine y(-29).
16
Let d(f) = -f**2 - 585*f - 7339. Determine d(-13).
97
Let u(b) = 1275*b**2 + 2197*b + 2197. Determine u(-1).
1275
Let y(q) = -5745*q - 390645. Determine y(-68).
15
Let x(r) = 15*r**2 + 320*r - 2275. Determine x(8).
1245
Let z(f) = -22535*f + 22496. Give z(1).
-39
Let y(j) = -400*j**3 - 5*j**2 + 3*j + 8. What is y(-1)?
400
Let n(c) = 27283*c + 191180. What is n(-7)?
199
Let s(f) = -5680*f + 22568. Calculate s(4).
-152
Let o(n) = 1703*n + 34188. Calculate o(-20).
128
Let g(b) = 8277*b**2 + 8161*b - 110. What is g(-1)?
6
Let g(d) = 2*d**3 + 29*d**2 - 62*d - 219. Calculate g(-16).
5
Let y(f) = f**2 + 87*f - 6901. What is y(-137)?
-51
Let u(c) = -27*c**2 + 1484*c - 212. What is u(55)?
-267
Let u(a) = -138*a - 7147. Give u(-50).
-247
Let f(x) = -2*x**2 - 846*x + 54648. Give f(57).
-72
Let q(t) = -t**3 - 204*t**2 - 897*t + 19403. Give q(-199).
-99
Let u(y) = 2*y**3 + 297*y**2 - 891*y - 20618. Give u(-151).
-82
Let y(v) = -v**2 - 1607*v + 57451. Determine y(35).
-19
Let a(x) = 669955*x - 7369494. What is a(11)?
11
Let a(d) = -8*d**3 + 43*d**2 + 58*d + 23. Calculate a(10).
-3097
Let o(a) = 8*a**2 - 402*a + 2186. Calculate o(44).
-14
Let s(n) = -n**3 - 16*n**2 + 841*n - 21. What is s(22)?
89
Let u(a) = a**3 + 525*a**2 - 3661*a - 367. Give u(7).
74
Let w(u) = 3*u**3 + 192*u**2 - 169*u + 400. Calculate w(-65).
-1290
Let s(k) = 3*k**2 + 2161*k - 117129. Determine s(-771).
63
Let n(q) = -22*q**2 - 117*q - 24. Give n(-8).
-496
Let m(u) = u**3 + 26*u**2 - 27*u + 96. Give m(-28).
-716
Let h(y) = -543*y + 27152. Determine h(50).
2
Let h(n) = -41701*n + 458717. Calculate h(11).
6
Let u(q) = 10*q**3 + 14*q**2 + 2905*q - 2919. What is u(1)?
10
Let o(w) = 1322*w + 6609. Determine o(-5).
-1
Let x(i) = 8908*i - 222638. What is x(25)?
62
Let x(b) = -b**3 + 128*b**2 - 439*b + 8063. Give x(125).
63
Let n(l) = -l**3 + 22*l**2 - 225*l + 340. Calculate n(11).
-804
Let n(h) = -4*h**3 + 3*h**2 + 591*h + 2311. Give n(-4).
251
Let o(p) = -p**3 - 114*p**2 - 279*p - 2280. Calculate o(-112).
3880
Let h(z) = -12630*z - 1755582. Give h(-139).
-12
Let q(i) = -8*i**3 + 92*i**2 + 60*i + 8. Give q(12).
152
Let m(f) = -759*f**2 - 10*f - 10. What is m(-1)?
-759
Let p(o) = 4*o**2 - 1110*o + 6634. What is p(6)?
118
Let w(a) = 21*a**2 + 2139*a + 43293. Calculate w(-74).
3
Let s(k) = -6*k**3 - 474*k**2 + 12*k + 238. Calculate s(-79).
-710
Let b(w) = -125*w - 16242. What is b(-130)?
8
Let o(b) = -104851*b + 838743. Determine o(8).
-65
Let y(f) = -9*f**2 - 175*f + 4873. Calculate y(-35).
-27
Let l(v) = 149399*v - 2241028. Give l(15).
-43
Let x(u) = 4*u**3 + 89*u**2 - 2175*u + 307. Determine x(-37).
11
Let c(o) = o**3 + o**2 - 67706*o - 203111. What is c(-3)?
-11
Let l(r) = -4*r**2 + 87703*r - 8034821. Give l(92).
-1
Let i(t) = -